Suppose -3*n = 2*m - 36, -12 = 3*m - 5*m + n. Suppose -m*w = -f*w - 610. List the prime factors of w.
2, 61
Let r be ((-4)/12)/(2/(-12)). Let h(l) = 82*l + 4. List the prime factors of h(r).
2, 3, 7
Let q(l) = 2*l**2 + 13*l - 49. Let d(k) = k**3 - 18*k**2 - 36*k - 61. Let f be d(20). List the prime factors of q(f).
2, 5, 23
List the prime factors of (-9 - (11 + -12796)) + -4.
2, 31, 103
Let a(y) = 32798*y**2 + 16*y - 13. What are the prime factors of a(1)?
32801
Let w(c) = -25*c**2 - 44. Let s(j) = -48*j**2 - 91. Let r(z) = 2*s(z) - 5*w(z). List the prime factors of r(8).
2, 947
Let t(f) = 5*f + 73. Let z be t(5). Let j = 442 - z. What are the prime factors of j?
2, 43
Let t = -21 - 25. Let h = t + 52. Let r(x) = 27*x - 10. What are the prime factors of r(h)?
2, 19
Let i = 17 + -39. Let v(l) = -l**2 - 41*l - 22. What are the prime factors of v(i)?
2, 3, 11
List the prime factors of (99/(-66))/((-3)/5818).
2909
Suppose 4*p - 2372 = 2*w, -4*w = 4*p - 835 - 1513. What are the prime factors of p?
3, 197
Let n = 36092 - 21431. What are the prime factors of n?
3, 181
Suppose -i + 4 = 4*t + 11, 3*i - 3*t = -6. Let h = -1 - i. Suppose -85 = -5*f - 5*n, 2*f - h*n + 5*n = 31. What are the prime factors of f?
2, 5
Let a = 617 + -593. Suppose -8*h + a*h - 2288 = 0. List the prime factors of h.
11, 13
Let a = -53 + 60. Let u(c) = -18*c**2 + 9*c - 3. Let d be u(a). What are the prime factors of ((-2)/(-11) + d/44)*-2?
37
Let a = -17 - -15. Let h be 12 - (2 - a) - 3. Suppose u - 5 = 0, 7*w - 46 = 4*w - h*u. List the prime factors of w.
7
Let r(p) be the third derivative of -23*p**4/24 + 37*p**3/2 - 118*p**2. List the prime factors of r(-19).
2, 137
Suppose -214 = -4*r - 5*x, -178 = -3*r + 7*x - 2*x. Let l = r - 275. What are the prime factors of (-30)/105 + l/(-7) + -1?
2, 3, 5
Let p be (-5000)/(-25) - 2*1. Suppose -o + 156 + p = 0. List the prime factors of o.
2, 3, 59
Let j(t) = -3*t - 4*t + 55 - 61. Let s be j(-2). Suppose -s*l = -11*l + 255. List the prime factors of l.
5, 17
Let m = 15160 + -2905. List the prime factors of m.
3, 5, 19, 43
Let q(g) be the second derivative of 67*g**5/4 - g**4/12 + g**3/6 + g**2/2 + 2*g. Let p be q(1). Suppose -2*h + p + 42 = 0. List the prime factors of h.
3, 7
Let d = 22264 + -13767. What are the prime factors of d?
29, 293
Suppose -3*v + 68 = 8. Suppose -v*u + 19*u = -1363. What are the prime factors of u?
29, 47
Let h be 1054*(-4 + 3/(-2)). Let b = -885 - h. List the prime factors of b/56 + (-2)/(-7).
2, 11
Suppose -5*u - 3915 = 5*o, -44*o + 1564 = -2*u - 45*o. Let h = u - -1401. What are the prime factors of h?
2, 5, 31
Let n be 1/4 + (-93)/(-12). Let m = 48 - 43. List the prime factors of -4 + (n - m/5).
3
Let b be 201761/57 - (-2)/6. Suppose j + 5*y - 696 = 8*y, -b = -5*j + 3*y. List the prime factors of j.
3, 79
Suppose 3*n - 5*o - 6045 = 0, n - 17*o - 2007 = -18*o. What are the prime factors of n?
2, 3, 5, 67
Let w(g) = 39*g + g**2 + 8*g**2 + 123*g**3 + 4 - 48*g - 4*g**2. List the prime factors of w(2).
2, 3, 5, 11
Let i = -37981 + 65008. List the prime factors of i.
3, 7, 11, 13
Let f(s) = 43 + 4 + 37 + 25*s + 14. What are the prime factors of f(10)?
2, 3, 29
Let q(p) = 38293*p**3 - 5*p**2 + 6*p - 3. List the prime factors of q(1).
11, 59
Suppose -9*t + 58 = 58. What are the prime factors of (t + -962)/(-2) + 0/(-4)?
13, 37
Let z(w) = 132*w**2 - 128*w + 146. What are the prime factors of z(-14)?
2, 3, 5, 103
Suppose 126248 = 65*n - 222412. What are the prime factors of n?
2, 3, 149
Suppose 10*v = 17020 - 1870. Suppose -60 = 5*y - v. List the prime factors of y.
3, 97
Suppose -263*k = -304*k + 327672. List the prime factors of k.
2, 3, 37
Suppose 0 = -4*x - 16, 3*x + 406 = -5*i - x. Let r be 7716/(-39) - (-12)/i. List the prime factors of (9/27)/((-2)/r).
3, 11
Let p(r) = 110*r**2 - 163*r + 75. List the prime factors of p(-19).
2, 3, 7, 1021
What are the prime factors of ((-4)/((-16)/4) - -2 - 3) + 13413?
3, 17, 263
Suppose 4*i - 3*y = 55, -4*y = 4*i + 11 - 59. Suppose 0 = -5*m + 2*o + 2724, 16*o = 3*m + i*o - 1638. What are the prime factors of m?
2, 17
Let n = 148 - 140. Let h = 76 - n. List the prime factors of h.
2, 17
List the prime factors of ((48/9)/(-8))/(1*2/(-110397)).
7, 751
Let y(t) = 22*t**3 + 4*t**2 + 2*t - 2. Let h be y(-2). Let s be 9 + -13 + 314 - -9. Let c = h + s. What are the prime factors of c?
3, 17
Let u be (-8)/(-4)*1/(-2). Let r be (3 + (-104)/40)*-5. What are the prime factors of (-11)/(r - u) - 48/16?
2
List the prime factors of ((-258375)/100)/(17/84 + (-18)/63).
3, 5, 13, 53
Let i(x) be the third derivative of -x**5/30 + 43*x**4/12 + 53*x**3/6 + 4*x**2 - 16. List the prime factors of i(37).
7, 71
Suppose 5631 - 15458 = -6*a + 16261. What are the prime factors of a?
2, 1087
Let v be (-13)/((-104)/(-84))*-628*1. Suppose 147*o = 141*o + v. What are the prime factors of o?
7, 157
Let g(o) be the first derivative of -2*o**4 + o - 5. Let w be g(-1). Suppose -x = 2*p - w, 5*p + 2*x = 4*x. What are the prime factors of p?
2
Let d be 210/(-9)*4/16*-6. Suppose -d*c + 15 = -30*c. Suppose 0 = o - c*o + i + 104, 0 = o + i - 52. List the prime factors of o.
2, 13
Let h = 388 + -163. Suppose -w - 5 = -2*w. Suppose -w*d + h = 8*k - 3*k, 5*k = -d + 41. List the prime factors of d.
2, 23
Suppose -2063 = -2*m + 2481. List the prime factors of m.
2, 71
Suppose 880 = 20*v - 560. Let n = 828 - v. What are the prime factors of n?
2, 3, 7
Suppose 0 = -328*b + 182*b + 8199944. What are the prime factors of b?
2, 19, 739
Suppose -16*b = 28*b - 24068. Let o = b + -485. List the prime factors of o.
2, 31
Let r = -8251 - -13714. Suppose 4*z = 5*f + r, -z + 4*z - 4141 = -5*f. List the prime factors of z.
2, 7
Let o(l) be the third derivative of l**5/15 - l**4/8 - 10*l**3 - 10*l**2 + 1. List the prime factors of o(-9).
3, 97
Let r(a) = a**2 + 5*a - 44. Let u(t) = -30*t + 58. Let k be u(3). What are the prime factors of r(k)?
2, 5, 41
Let w(o) = 7*o**3 + o**2. Suppose -15 = 3*v, -i + 8 = -4*v - 9. Let j(y) = y**3 + 5*y**2 + 8*y + 8. Let x be j(i). What are the prime factors of w(x)?
2, 3, 5
Let b be (-3 + (-9)/(-3))/(-1). Suppose b = 18*n - 22*n + 392. List the prime factors of n.
2, 7
Let w be 301/105 + 6/45. Suppose -5*q - w*c = 0, -2*q - c = 4*c. Suppose q = 3*b - 851 + 344. What are the prime factors of b?
13
Let n(z) = 19*z - 44. Let d(v) = 10*v - 21. Let s(t) = 7*d(t) - 3*n(t). What are the prime factors of s(25)?
2, 5, 31
Let c(u) = 91*u**2 + 44*u - 182. List the prime factors of c(20).
2, 3, 229
Suppose 81*k + 34068 = 87*k. What are the prime factors of k?
2, 17, 167
Let p(r) = 10*r**2 - 4*r - 3. Let l(x) = -22*x - 25 + 57*x - 31*x. Let j be l(7). What are the prime factors of p(j)?
3, 5
Suppose 31428 = 3*z + 3*r, 3*z - 10*r - 31404 = -9*r. List the prime factors of z.
2, 3, 5, 349
Let q be (-5)/20*-16 - (2 - 3). Suppose -24*u + 26904 = -q*u. What are the prime factors of u?
2, 3, 59
Suppose -11*y - 2297 = -548. Let z = 286 + y. What are the prime factors of z?
127
Let b(d) = -5*d**3 + 30*d**2 + 71*d + 7. List the prime factors of b(-9).
5443
Let b(g) = -g**2 - 25*g - 11. Suppose 3*r = -32 + 2. Let z be b(r). Suppose 75 - 13 = v - o, z = 2*v + o. List the prime factors of v.
67
Let t be (-48 - 20)*1/(-2). Suppose 2424 = 42*j - t*j. What are the prime factors of j?
3, 101
Let n(o) = -3489*o - 2684. What are the prime factors of n(-21)?
5, 19, 743
Suppose -2*j = 4*d - 3*d + 13, 0 = 3*j + d + 17. Let s(x) = 54*x**2 + 12. What are the prime factors of s(j)?
2, 3, 73
Let b = -18 - -810. What are the prime factors of b?
2, 3, 11
Let h be -2*(20/4 - 4). What are the prime factors of -3*843/(-9) + (h - 3)?
2, 3, 23
Suppose -209*q = 1971049 - 7234923. What are the prime factors of q?
2, 7, 257
Suppose 12 = g + s - 2, -3*s - 8 = -2*g. Suppose 13*o - g*o = 765. What are the prime factors of o?
3, 5, 17
Let d(a) = -10*a - 6*a + 20*a + 24 - 3*a. Let t be d(-19). Suppose -2*q + t*l + 160 = 0, -5*l - 54 = -q + 26. List the prime factors of q.
2, 5
Let w(c) = 4*c**3 - 98*c**2 - 81*c - 13. List the prime factors of w(36).
56687
Let y = -6853 + 18624. What are the prime factors of y?
79, 149
Suppose -41*b - 68*b + 324375 + 322976 = 0. What are the prime factors of b?
5939
Let z = -643 - -646. Suppose -312 = -5*m + 7*t - 